)?
4
What is the value of -3 - (-3 + 3 - -2)?
-5
What is the value of (4 - 1 - 5 - -6) + -2?
2
Evaluate 5 - 2 - (4 + -7) - 3.
3
Evaluate 8 - 0 - (-1 + 7).
2
What is 43 + -50 + 16 + -3?
6
What is the value of (-3 + (3 - -4) - 4) + 6?
6
Evaluate -3 - -9 - 6 - 4.
-4
What is the value of (-1 - (-2 - -7)) + 3 - 2?
-5
What is (3 - (1 - -1)) + (-9 - -13)?
5
Calculate 0 + -1 + 8 + (13 - 15).
5
4 - -1 - (-5 + 0 + 6)
4
What is the value of (-81 - -85) + (-7 + 1 - 0)?
-2
(37 - 32) + -1 + (-4 - -1)
1
What is 2 + (-2 - -2) + 4 + -3?
3
What is the value of -6 - ((0 - 2 - -4) + -4)?
-4
What is the value of (17 - 41 - -29) + (2 - 1)?
6
-7 - (10 - (9 + -1))
-9
What is the value of 2 + (-8 + 11 - (3 + 1))?
1
(16 - 6 - 0) + -14
-4
Evaluate 13 - (8 + 13 + -4).
-4
Calculate 1 - 5 - (-2 + -1).
-1
Calculate -3 + 4 + (1 - (12 + -7)).
-3
What is 3 + (-5 - (0 + 2))?
-4
Evaluate 7 + -2 - (-15 - -24).
-4
What is (-3 - -11) + -5 - (0 - -7)?
-4
Evaluate -2 + (8 - 1) + (40 - 43).
2
Calculate 5 + (-5 - (0 + -2)).
2
2 - -1 - -3 - 5
1
What is (5 - (1 - 2 - -5)) + -5?
-4
What is the value of -20 + (16 - 12) - -6?
-10
Calculate 5 + -5 - (0 - 0).
0
-4 - (-7 + 6 + 5)
-8
Calculate 0 + 2 + (2 - 0) - -1.
5
Calculate -27 - -26 - (2 - (-2 - -2)).
-3
Calculate -6 + (2 - -2) - -3.
1
Evaluate -8 + -4 + 3 + 10.
1
Calculate -15 + 15 + (-5 - 0) - 1.
-6
Evaluate (-4 - -7 - 3) + -5.
-5
What is the value of 3 - (10 - 4) - -2 - 1?
-2
Evaluate -2 + 5 - (2 + -5 + 11).
-5
Evaluate -3 + 2 + (3 - -2) + 1.
5
What is the value of 3 - (0 - -2) - (19 + -24)?
6
What is the value of -3 - (-13 + (5 - (-3 + 3)))?
5
9 + 1 + 76 + -86
0
(1 - (9 + 1)) + 2
-7
Evaluate -2 + 2 + 4 + -4.
0
Calculate 0 - (-3 - 7 - -4).
6
Evaluate 3 + (7 - (1 + 3 - 0)).
6
What is -8 + 1 - (2 + -5 - 0)?
-4
What is the value of -8 + -23 + 29 + (-5 - 0)?
-7
What is -4 + -1 + 3 + -3 + 0?
-5
What is -4 + 11 - ((3 - 0) + 8)?
-4
What is 4 + -3 + -10 + 9?
0
What is the value of -2 + 8 + -30 + 22?
-2
Evaluate (5 - -2 - 1) + -7.
-1
14 + -2 - (22 + -10)
0
What is the value of (1 - 4) + -1 - -1?
-3
What is 1 - (-4 - (3 + -3))?
5
3 - (1 - (-1 - 3 - -3))
1
What is (21 - 13 - 0) + -9?
-1
Calculate (-1 - 5) + (-45 - -47).
-4
What is (4 + -3 - 6) + -9 - -8?
-6
Evaluate (18 - 7) + -5 - 4.
2
-2 - (4 - (4 + 3))
1
Evaluate 0 + -1 + 0 - -2.
1
What is 0 + -5 - ((-4 - 2) + -6)?
7
Calculate 3 + -2 + (3 + -1 - 2).
1
Evaluate -6 - (7 - (8 + (6 - 3))).
-2
1 - -11 - (4 + 0 - -2)
6
Evaluate 3 - 4 - (-3 + (0 - -1)).
1
(-1 - (-6 + (-4 - -3))) + 1
7
Calculate 2 + (-6 - (-4 + (2 - 8))).
6
Evaluate 6 - 5 - 7 - -7.
1
1 + (-10 + 22 - 8)
5
What is the value of (9 + -13 - (0 - 1)) + -3?
-6
1 + -6 - (-28 - -25)
-2
What is the value of (6 - 5 - -4) + 0?
5
What is 47 + -44 + -10 + 2?
-5
68 + -59 - (-1 - -15)
-5
Calculate (-1 - 2) + -1 - 1.
-5
What is the value of 11 + (-1 - 5) + -7 + 2?
0
What is -4 - (2 + (-5 - 3))?
2
What is 3 + -3 + (-3 - -5)?
2
What is 0 - (2 + (0 - 4) - 2)?
4
Evaluate 7 + (1 - (0 - -6)).
2
Calculate (6 + -16 - -5) + 2.
-3
-8 - 2 - (2 + 6 + -11)
-7
(-2 - -1) + 47 + -53
-7
Calculate 17 + 3 + (-18 - -13) + -7.
8
What is the value of -8 + (0 - -6 - (3 - -1))?
-6
Evaluate 5 + -6 + (-2 - 1) + 2.
-2
What is 1 + -3 + (0 - (1 + -3))?
0
What is (-1 - -4 - 4) + 2 - 4?
-3
-1 + 1 + 4 + -8 + 8
4
-8 + (5 + -10 - -10)
-3
What is -4 + 13 + -2 - (2 + 4)?
1
Calculate -5 - (-5 - -4) - -10.
6
What is (7 + -14 - -6) + 2?
1
What is the value of 7 + -1 + -1 + 4 + -4?
5
Calculate 1 - (1 + 3 + 0).
-3
Evaluate -5 + (0 + 5 - (15 - 16)).
1
-4 - (-25 + 12 - (-7 + 3))
5
What is -3 - ((-1 - -4) + -1 + -1)?
-4
What is the value of 11 + 6 + 1 + -7?
11
What is the value of (0 - 1) + -4 - (0 + -4)?
-1
Evaluate 5 - (-3 + 2) - (-26 - -25).
7
3 + -2 - (-8 + (4 - -1))
4
-11 + -5 + 12 + -2
-6
Calculate -1 - -3 - (4 + (11 - 7)).
-6
Calculate 3 + -5 + (-3 - -14) + -11.
-2
-2 - -5 - -1 - 1
3
(-4 - (-2 + 2)) + 1 - -1
-2
What is 0 + -1 + 19 + -12?
6
Calculate (4 - (-2 - 0)) + (65 - 71).
0
What is 9 - (2 + -6 + 8)?
5
What is 2 - (-1 + 1) - 3?
-1
What is 12 + -6 + 5 - 9?
2
What is the value of 7 + -6 + (-4 - 1)?
-4
What is the value of 43 - 54 - (-15 + 0)?
4
Calculate 2 + (-14 - 1) - -3.
-10
What is 1 + -2 + 0 + 6?
5
Calculate 6 + -7 + -14 + 7 + 1.
-7
What is (3 - 5 - -2 - 0) + 4?
4
Evaluate 4 - (1 + 0 - (2 + -5)).
0
0 + (1 - 0) + 0 + 1
2
-8 - 0 - -4 - (0 - 9)
5
Calculate -1 - 4 - -1 - -5.
1
-1 - (4 - (-5 - -4) - 6)
0
Calculate -1 - (2 + (4 + -3 - 6)).
2
(-33 - -32) + (2 - 3) + 2
0
What is -1 + -6 + (-13 - (10 + -23))?
-7
What is the value of -3 + 11 - (20 + -8)?
-4
What is the value of -1 + -10 + 12 - -8?
9
What is the value of 4 + (1 - 3 - 2 - 10)?
-10
-5 + 0 + 10 - 3
2
What is the value of 0 + (-3 - (6 - 6))?
-3
Evaluate -3 - (-3 + 4 + -6).
2
What is the value of -14 - -14 - (2 + -1)?
-1
Calculate 0 - 3 - (6 - 5).
-4
1 + 1 + -3 + (-136 - -140)
3
Calculate 5 - (3 + 1) - 1.
0
3 - (-5 - -9 - 5)
4
2 - 5 - -2 - (-3 + 8)
-6
5 + -14 - (-15 + 10)
-4
-7 - (-6 + (-2 - -2))
-1
3 - ((1 - 3) + 0)
5
Evaluate -6 + -4 - -10 - (0 - -7).
-7
2 + -1 - (2 + 5 + -5)
-1
Calculate 4 + (0 - (-3 + 4)).
3
Evaluate (-1 - 3) + (0 - (-2 + 2)).
-4
Evaluate 0 - (-2 - (3 + -8)).
-3
What is the value of -16 + 1 + 6 - (-3 + -3)?
-3
What is the value of 2 - 1 - (-6 + 2)?
5
What is the value of 1 + (-12 - (-3 + -1))?
-7
What is the value of 1 + 0 + 0 + (-1 - 5)?
-5
Calculate -14 + 7 + (2 - -3).
-2
12 + (-8 - (-15 + 7 - -8))
4
-4 + (0 + -2 - -8)
2
What is the value of -4 + 17 + -6 - 4?
3
-6 + 11 + -3 + -10
-8
What is the value of 0 + (6 - (20 + -10))?
-4
What is the value of (11 - (2 + 14)) + (-2 - -2)?
-5
Calculate 9 + -1 + (-75 - -71).
4
3 + -7 + (-2 - -4)
-2
Evaluate 3 + (2 + 3 - 5).
3
Calculate 0 - 2 - (3 - 2 - 1).
-2
What is 0 + (-1 - -2) + (3 - 0)?
4
Evaluate -2 + (1 - -5) + 6 + 0.
10
9 + -7 - (-5 - (-8 - 2))
-3
Evaluate 0 - -1 - (15 + -10).
-4
(-3 - -1) + -3 - (-25 + 20)
0
What is the value of 1 + -6 + 4 + -4 + 1?
-4
7 + -4 + -3 - -2
2
What is -1 + 2 + 1 + -4?
-2
Calculate (-1 - -1) + -1 - -4.
3
Calculate 3 - -1 - 9 - -3.
-2
Calculate -7 + -3 + 3 - -3.
-4
Calculate 1 + (1 - -4) + 28 + -40.
-6
What is -23 + 19 - (1 - (-3 - -2))?
-6
65 - 76 - (-1 - 0)
-10
What is -23 - -21 - (0 - (-4 + 1))?
-5
What is the value of 12 - 7 - (3 + 1)?
1
What is the value of 3 - (10 - (2 + -1 - -4))?
-2
What is the value of -2 + 3 + 8 + 0?
9
What is the value of 1 - 0 - (10 - 9) - 0?
0
Calculate -2 - (0 + (2 - 5)).
1
Evaluate (-2 - (0 + 1)) + 2.
-1
Calculate (8 + -3 - -3) + -5.
3
2 - -3 - (1 - (3 - 3))
4
Calculate (6 - (-5 + (4 - -10))) + -3.
-6
What is 5 - (9 - (2 - -10))?
8
What is (-2 - 5) + (5 + -8 - -7)?
-3
Evaluate -11 + (56 - 54) + (-1 - 0).
-10
What is the value of -3 + -7 + 10 + 1 + -2?
-1
What is -2 - (-7 + (0 - -7))?
-2
Evaluate -6 + -2 + -8 + 14.
-2
What is the value of (-6 - 0) + (19 - 14) + -5?
-6
What is -4 + -1 - (3 - -1 - 16)?
7
Calculate -23 + 22 + 2 + 2 + 6.
9
What is 3 + 3 + (-15 - -3) + 6?
0
5 + -6 + 1 - 1
-1
What is the value of -1 + -2 + (2 - -1)?
0
Evaluate 1 - (-2 + (0 - (0 + -4))).
-1
-5 + 2 - (-3 + (4 - 3))
-1
Calculate 2 + -1 + 6 + -10.
-3
(0 - (2 + 0) - -2) + -3
-3
Calculate 1 + 7 + -12 - -1.
-3
What is the value of 1 + 0 - (9 - 8)?
0
1 - ((-5 - 5) + 1 + 5)
5
What is 5 - 11 - (-9 - -4)?
-1
What is (0 + -4 - 10) + 11?
-3
What is the value of 8 + 3 + -5 + -1?
5
Evaluate -3 + 3 + (-6 - (-5 - -2)).
-3
-4 + (7 - 2) + 0
1
-1 - 9 - -1 - 0
-9
What is the value of -1 - (4 - 8 - 2)?
5
Evaluate 9 + 2 + -6 + -2.
3
What is the value of 3 + (-8 - (-1 + -2))?
-2
What is the value of (5 - -2 - 11) + 14?
10
What is the value of -6 + 10 - (1 + 4)?
-1
Calculate 22 + -12 - (25 - 7).
-8
(-3 - -1) + (0 - 2) + 3
-1
What is the value of -2 + (3 + -7 - -2) + 8?
4
What is 2 + -8 + 1 + 0?
-5
What is -3 + (2 - 3) + -1 + -1?
-6
Calculate 5 + -5 - (-1 + (4 - 0)).
-3
What is the value of -5 + -2 + 2 + (-1 - -8)?
2
What is the value of 5 + -2 - (3 + 3)?
-3
-5 + (4 - (1 - -1)) + 2
-1
What is 5 + (-12 - -4) - -3?
0
Evaluate 5 + -8 + -1 + 11.
7
Calculate (-1 - 1) + (-25 - -24).
-3
(-1 - 3 - 1) + (7 - -5)
7
Evaluate -4 - (4 - (-2 - (-4 - 2))).
-4
What is the value of 5 - 1 - (10 + -2)?
-4
Calculate 1 + -7 + 0 - -5.
-1
0 + -9 - (-25 + 25)
-9
(-1 - (5 - -2)) + 4
-4
What is the value of -17 + (-8 - 0 - -19)?
-6
What is the value of (5 - 2 - -8) + -9 + 2?
4